ppose -p*s = -k - 72. Calculate the greatest common divisor of s and 96.
32
Suppose -5*b + 39 + 50 = -t, -4*t + 18 = 2*b. Suppose -2*h + 19 = -b. Suppose 2*x + 3*x - 10 = 0. What is the greatest common factor of h and x?
2
Let w(q) = 107*q + 864. Let y be w(-8). What is the greatest common divisor of 54 and y?
2
Suppose 3*j + a - 254 = 0, -3*a + 167 = -6*j + 8*j. What is the highest common factor of j and 68?
17
Suppose -x = 3*u - 16, -5*u + 10 = -3*x + 2. Suppose -u*s - 9 = -29. Suppose 4*c - 18 = 5*o + 10, s*c = -o + 6. What is the highest common factor of c and 5?
1
Let r = 175 - -282. Let o(d) = 3*d**3 + 1. Let f be o(-1). Let i be r/4 + f/8. What is the greatest common factor of 76 and i?
38
Let c be (-6 - -14 - 13) + (464 - 3). What is the highest common factor of 18 and c?
6
Suppose -1 = b - 25. Suppose x + 4 = 0, 72 = 4*t - 4*x - b. Suppose 2*h + 0 = t. Calculate the greatest common factor of h and 90.
10
Let x(w) = -w + 2. Let f be x(-8). Let c be 6/(-14)*(-70)/f. Let r be 1/2*-3*-8. What is the greatest common divisor of r and c?
3
Let d(m) = m**3 - 22*m**2 + 18*m - 2. Let a be d(21). Let h = -31 - a. What is the greatest common divisor of 374 and h?
34
Let k be (-2)/(-16) + (-390)/(-80). Suppose -3*l - 2 = -k. Suppose -4*o - 4*p + 12 = 0, -5*o - l = 3*p - 20. Calculate the highest common factor of 20 and o.
5
Let x be (-2)/(-8) + ((-2025)/12)/(-5). Let r = 62 - x. Calculate the highest common factor of r and 4.
4
Suppose 4*c = -16, -2*v - 3*c = -4*v - 150. Let t = 149 + v. What is the greatest common factor of 102 and t?
34
Suppose 84 = -4*n + 468. Calculate the highest common factor of 6 and n.
6
Let s(b) = 3*b**2 + 25*b + 30. Let i(u) = u**3 - 16*u**2 + 27*u + 4. Let h be i(14). Let l be s(h). Calculate the greatest common factor of 32 and l.
16
Let u(w) = -w - 6. Let n be u(-11). Let b be -1*22*(n + -6). Let x(d) = 5*d**2 + 5*d + 3. Let f be x(-3). What is the greatest common divisor of f and b?
11
Suppose c + 32 = 197. Suppose 27 = 2*x + 4*f - 23, 0 = -4*x + 4*f + 40. What is the highest common divisor of c and x?
15
Suppose 3*m = -2*m + 15. Suppose -5*y = 4*q - m*q - 108, 3*y - 72 = 3*q. What is the greatest common divisor of y and 11?
11
Suppose -4*o + 3*v = -34, 14*o = 19*o + 3*v - 56. Suppose y = m + 99, y - 103 = -3*m - 0. What is the highest common factor of y and o?
10
Suppose 19*n - 549 = 16*n. What is the greatest common factor of 305 and n?
61
Let v be 432/20 - (-2)/5. Suppose f - y - 46 = 0, -4*f - 2*y + 45 + 127 = 0. Calculate the highest common factor of f and v.
22
Suppose 3*x + 382 = -110. Let i = x + 285. Calculate the greatest common divisor of 11 and i.
11
Let h(k) = 43*k - 3. Let r be h(3). Calculate the highest common divisor of r and 14.
14
Let d(v) be the first derivative of -v**4/4 - v**3 + v**2/2 - 7*v + 1. Let f be d(-5). What is the greatest common divisor of 304 and f?
38
Let g = -1919 - -2645. Calculate the greatest common factor of 6 and g.
6
Suppose 660 = 9*m + 4818. Let k = 654 + m. Calculate the greatest common factor of 12 and k.
12
Let j = -262 + 274. Let k be 4/(-10) + 88/20. Calculate the highest common factor of j and k.
4
Let h be (((-6)/8)/(24/(-64)))/2. Let n be 1 + (4 - (h - 4)). Calculate the highest common factor of n and 16.
8
Suppose 100*y = 90*y + 910. Let h be (-1)/(-3) + (-11)/(-3). Let p be 54/h - 5/10. What is the highest common divisor of p and y?
13
Suppose 2*i + 30 = 4*i. Suppose 3*p - 48 = 7*p. Let x = i + p. Calculate the greatest common factor of 9 and x.
3
Let w = -1342 + 1354. Calculate the highest common divisor of 6 and w.
6
Let g be (18/(-8))/((-1)/96). Let d = -9 - -85. Let k = d - 49. What is the highest common factor of g and k?
27
Let t(q) be the first derivative of q**2 + 6*q - 2. Let w be t(-8). Let r = 7 - w. What is the greatest common divisor of r and 17?
17
Let t be 2/(-10) - (-1404)/270. Calculate the highest common divisor of t and 65.
5
Let r(v) = -v**2 - 17*v + 6. Let x be r(-15). Let q = 103 - -293. What is the highest common divisor of x and q?
36
Suppose -5 = -w, -54*w = 4*k - 57*w - 1785. What is the greatest common factor of k and 10?
10
Suppose 3*s - 15 = 3. Let b = s + -3. Let g = 33 - 12. Calculate the greatest common divisor of g and b.
3
Suppose 14 = i - 16. Let c be (-2414)/(-153) - (-4)/18. Let o = c - 4. What is the highest common divisor of i and o?
6
Let o be 5/(50/40) - (-2 - 91). Calculate the greatest common divisor of 97 and o.
97
Suppose -11*r + 28*r = 289. What is the greatest common factor of r and 3?
1
Suppose 0 = -17*a + 9*a + 1976. Suppose 16*x = 21*x - 65. What is the highest common factor of a and x?
13
Suppose 3*z - 42 = 12. What is the greatest common divisor of z and 342?
18
Suppose -26*s + 38*s - 72 = 0. Suppose -2*b + 16 = v, -5*b = -2*v - 7 - 15. What is the greatest common divisor of s and b?
6
Let z(l) = -l**2 + 7*l + 5. Let n be z(7). Let x(h) = 19*h**2 - 2*h + 4. Let m be x(2). Let t = 111 - m. What is the greatest common divisor of t and n?
5
Let v = 1191 + -1133. Let k = -27 - -56. Calculate the highest common divisor of v and k.
29
Suppose -3*a - 13*l = -10*l - 171, 2*a + l = 112. What is the highest common divisor of 5 and a?
5
Suppose 8 = 4*u, 12 = 2*r + 4*u - 0*u. Suppose r*y - 6*y + 132 = 0. Calculate the highest common factor of 11 and y.
11
Let y(r) = 5*r**2 - 4*r + 20. Let x be y(5). Calculate the highest common divisor of x and 50.
25
Suppose -8*j + 4*j + 2*u = -386, 2*j - 5*u = 213. What is the greatest common divisor of 47 and j?
47
Let s = 390 + -314. Calculate the highest common divisor of 95 and s.
19
Let l(n) = -3*n + 4. Let d be l(-2). Let i(u) = 14*u - 15. Let b be i(d). Suppose b = 7*v - 2*v. Calculate the greatest common divisor of 225 and v.
25
Let i(f) = f + 8 + 7 + 8. Let j be (-3)/(-9)*(2 + -35). Let k be i(j). What is the greatest common divisor of k and 48?
12
Let o = 1 + 90. Suppose -o - 19 = -2*p. Suppose -11 + p = 4*g. What is the greatest common factor of 44 and g?
11
Let r = 2162 + -2147. What is the greatest common divisor of r and 81?
3
Suppose 4*s - 2*m = 76, 0 = -16*s + 15*s + 3*m + 14. Calculate the greatest common factor of 3380 and s.
20
Suppose 5*c - 2*i = 33, -344 = -4*c - 5*i - 311. Suppose 2*g - 4*b - 29 = -b, 4*b - 8 = -4*g. Calculate the greatest common factor of g and c.
7
Let s(p) = 9*p - 141. Let r be s(25). Calculate the greatest common factor of 6 and r.
6
Let g = 472 - 367. What is the greatest common divisor of 280 and g?
35
Let z be (12/24)/((-1)/(-14)). Suppose 2 = w - 4. Suppose -80 = -w*i + 214. What is the greatest common factor of i and z?
7
Suppose 2*r + 86 = o, -3*o + 276 = -12*r + 15*r. What is the greatest common divisor of 15 and o?
15
Let c(x) = -x**3 + 7*x**2 + 18*x + 3. Let u be c(9). Let a be u/(9/42) + 0. Calculate the greatest common divisor of a and 112.
14
Suppose -10*g - 99 = -g. Let w = g - -27. Calculate the greatest common factor of 48 and w.
16
Suppose -6*z = 5 - 5. Let i = z - -8. Suppose 4*u - 37 = 123. What is the greatest common divisor of i and u?
8
Let y be (-4)/((-5)/(75/6)). Suppose 11*z + 408 = 15*z. Let i = -98 + z. Calculate the greatest common divisor of i and y.
2
Let c be (-4)/(-6) - 92/(-6). Suppose 19*n - c*n + 36 = 0. Let f = -9 - n. What is the highest common factor of f and 15?
3
Let r(q) = q**2 + 6*q - 4. Let w be 154/(-33) + (-1)/3. Let g be r(w). Let h(a) = -a**2 - 10*a. Let o be h(g). What is the highest common factor of o and 36?
9
Suppose -3*b = 2*p - 8, 3*p - 8 - 4 = -4*b. Suppose -73*m + 69*m + 32 = 0. What is the greatest common factor of p and m?
4
Let b = -2221 + 4720. What is the highest common divisor of b and 102?
51
Suppose 4*u - 11 = -3*c, -c + 0*u + 9 = -4*u. Let g(z) = -2*z**3 + 10*z**2 + 8*z - 5. Let l be g(c). Calculate the highest common factor of l and 35.
35
Let l = -540 - -546. What is the greatest common divisor of 204 and l?
6
Let p(r) = -2*r - 6. Let j be p(-6). Let y be 15 - (2*(-1 + 0) - -7). Calculate the highest common divisor of y and j.
2
Let z be 1/2*5/((-35)/(-616)). Suppose q = -3*n + 46, -7*n = -3*n - 3*q - z. What is the highest common divisor of 56 and n?
14
Let n be -3*(4/3 - 1). Let b(y) = -5*y - 2. Let x be b(n). Let i(t) = t**2 - t + 1. Let v be i(-4). Calculate the highest comm